 j composite?
True
Is ((-2889)/(-2) - 1)*2 prime?
True
Let r = -336 - -519. Is r composite?
True
Let w(z) = -z**3 - 6*z**2 + 4. Let g be w(-6). Suppose a = g*l - 12, 0*l - a = 4*l - 4. Suppose -3*t + 2 = -2*t, -2*s - l*t = -534. Is s composite?
True
Let z be ((-144)/(-10))/(-8)*(3 - -2). Is (14/(-4))/(z/1746) a prime number?
False
Suppose -2*h = -5*q + 20, 0 = -0*h + h - 5*q + 20. Suppose h = n - 2 - 2, 3*n - 161 = -r. Is r a prime number?
True
Let v(r) be the third derivative of -47*r**4/12 + r**3/2 - 14*r**2. Is v(-2) composite?
False
Is 5876/39*102/8 prime?
False
Suppose -1585 = -4*w + 6547. Suppose -q + 4*t + w = 0, -2*q = t + 2*t - 4121. Is q a composite number?
False
Suppose 5*x - 8 = 3*x. Suppose -2*s + 782 = x*m, 6*m - m - 10 = 0. Suppose 5*c - s = 848. Is c a prime number?
False
Is (0 + -218)*(-33)/6 a prime number?
False
Let n = 869 - 580. Is n a composite number?
True
Is 4410/2 + 1 + -3 a composite number?
False
Let j(u) = 3*u - 4. Let b(i) = -i. Let g(w) = 4*b(w) + j(w). Let z be g(-2). Is -17*(3*z + -1) prime?
False
Suppose -5*l = -2*t + 82459, 4*l - 11201 - 153675 = -4*t. Is t prime?
False
Let u = 167 + -30. Is u + -2 - (-4)/(-1) a prime number?
True
Let s be (-6 - -1)/(-5) - 2017. Let d = 2903 + s. Is d composite?
False
Let p be (-1 - (-11)/5)*5. Suppose -p*q + 2877 = -609. Is q a prime number?
False
Let m = -1008 - -4277. Is m prime?
False
Suppose -8 - 285 = -g. Is g a composite number?
False
Let x = -1065 + -2783. Let j = -2367 - x. Is j a prime number?
True
Let x be (-2 - 0) + 304*2. Suppose 5*y - x = 8*y. Let r = -111 - y. Is r composite?
True
Suppose 2*u = -l + 1 - 5, 5*u + 15 = 0. Let h = -261 - -456. Suppose -l*r - 3*r + h = 0. Is r a composite number?
True
Suppose -2*g + 56 + 128 = 0. Suppose w = 29 + 18. Let n = g + w. Is n composite?
False
Suppose -4*f - m - 4*m = -61, -52 = -4*f + 4*m. Let o be (f/21)/(4/(-2454)). Let u = 626 + o. Is u a prime number?
False
Suppose 16*d - 36 = 4*d. Suppose 2044 = 5*o - i, -d*i = o + i - 413. Is o a prime number?
True
Let i(w) = 2*w**2 + 16*w - 57. Let c be i(-23). Let r be ((-12)/10)/(4/(-10)). Suppose 0 = 2*b + b + 3*y - c, 0 = r*b + 2*y - 633. Is b a prime number?
True
Let g(i) = -146*i**3 + 5*i**2 - 8*i - 4. Let k(m) = 292*m**3 - 10*m**2 + 15*m + 8. Let s(r) = -13*g(r) - 6*k(r). Is s(3) a prime number?
True
Suppose 20*p - 23611 - 182649 = 0. Is p a prime number?
True
Let h be -3*(0 + -1)*1. Suppose 0*o - 5*o + 3*c + 18 = 0, h*o + c = 8. Suppose x - 151 = -4*r, -22 = -4*r + o*r + 5*x. Is r composite?
False
Let j be (-5 - -1 - (16 - 19))*20331. Is -1 - j/21 - (-5)/(-35) composite?
False
Let s(d) be the third derivative of 11*d**5/30 + 5*d**4/24 + d**3/3 + d**2. Let r be s(4). Suppose -g + 3*v + r = -2*v, g = -3*v + 382. Is g a composite number?
False
Let k(h) = -h**2 - 12*h + 18. Let i be k(-13). Suppose 5*p + 5*t = -i, -3*p + 2*p - 17 = 5*t. Suppose -2*z - 89 = -p*z. Is z a composite number?
False
Is (-244713)/(-18) - 2/12 a prime number?
False
Let l be (60/8)/(9/420). Let k = l + -139. Is k prime?
True
Let w(f) = 122*f**2 + 65. Is w(14) composite?
False
Is 140/105*110046/8 a composite number?
False
Suppose 0 = -0*o + 2*o + 2. Let n be (5 - 5)*o/(-2). Suppose 4*l + n*l - 1492 = 0. Is l a prime number?
True
Suppose 0*l - l - 3 = d, 0 = -3*l - d - 3. Suppose 4*w - 1756 = -l*w. Is w a prime number?
True
Let l be (-35)/(-7) + -3*1. Is l/(-2) - (2 + -1120) a prime number?
True
Let o = -3820 + 5919. Is o prime?
True
Let u(v) = -2*v**3 - 17*v**2 - 38*v + 32. Is u(-33) a composite number?
False
Is (-10)/100 + (-15782)/(-20) a composite number?
True
Suppose 322*l - 344*l = -147092. Is l composite?
True
Let u = 168 - 30. Suppose -p - 7 = -z, 0 = 5*z + p - 11. Suppose -z*y + u = -y. Is y a composite number?
True
Is 54/9 + -10 + 5 + 26088 a composite number?
True
Let m(r) = 15*r**3 - 2*r**2 + r. Let h be m(-3). Let i = h - -823. Is i a prime number?
True
Suppose 27*t - 227375 = -66644. Is t a composite number?
False
Let b be 0/((3 - -2)/(-5)). Let l(d) = 4*d + 401. Is l(b) a prime number?
True
Let n(y) = -2048*y + 61. Is n(-5) a composite number?
False
Suppose -4*z - 17 = m, 3*m + 3 = -2*z - 18. Let r(p) = -p**2 - 4*p. Let h be r(z). Suppose -h*d + 3 + 30 = 0. Is d composite?
False
Suppose 2*g = -2*p - 2*p + 24, 28 = 2*g + 5*p. Suppose 0 = g*a + 5 - 21. Suppose 155 = 5*w + 4*n, -a*n = n. Is w composite?
False
Suppose 17 = 6*v + 5. Let s(g) = -3*g - 6*g - g**v + 3*g**2 - 1. Is s(12) composite?
False
Suppose 4*a - 40223 + 10659 = 0. Is a a prime number?
False
Let z(w) = 24*w**2 + 5*w + 3. Is z(-10) a composite number?
True
Suppose -4*n = -c + 2*c - 7947, n + 7972 = c. Is c a prime number?
False
Suppose -14*s + 52 - 10 = 0. Suppose -5*j - 1 = -26. Suppose -s*z = -j*z + 1162. Is z a prime number?
False
Suppose 0 = 8*x + 17*x - 45025. Is x composite?
False
Let f(z) = 1850*z - 3. Is f(1) a composite number?
False
Let v = 1811 - 396. Is v prime?
False
Let g = 240 + 473. Let u = g + -502. Is u composite?
False
Let d(h) = -h**3 + 13*h**2 + 15*h - 8. Let g(y) = 9*y + 5. Let b be g(-2). Let n = 26 + b. Is d(n) a composite number?
True
Let f(g) be the second derivative of -21*g**3 + 17*g**2/2 - 14*g. Is f(-7) composite?
True
Suppose -2*y - 2 + 10 = 0. Suppose 6*q - 8 = y*q. Suppose o - 5*u = 2*o - 92, 2*o - q*u - 114 = 0. Is o prime?
True
Suppose -25 = -5*j - 2*z - 3*z, -15 = -4*j - 5*z. Suppose -j = 4*d - 2*q, -q - 2*q = -15. Suppose 2*w - 4*h - 573 = w, d = -4*w - 3*h + 2197. Is w composite?
True
Let o be ((-30)/35)/(1/7). Let y(q) = q**2 + 1. Is y(o) composite?
False
Let b be (-10078)/(-11) + (-4)/22. Let s be (b/(-6))/(4/6). Let a = -102 - s. Is a a composite number?
False
Suppose 4*u - 10967 = 5*g, 3*u = -5*g + 4*g + 8230. Is u prime?
False
Let a(d) = 136*d**2 - 6*d + 7. Let k be a(4). Suppose 4*y + v = k, 11 = 5*v + 36. Is y composite?
False
Suppose -11*b + 184090 = -12073. Is b a prime number?
False
Let f be 18*6/9 + 3. Let a = f + -12. Suppose 0 = -a*s + 3*w + 873, w - 4*w - 1447 = -5*s. Is s a prime number?
False
Let h = -5 - -7. Let g(q) = 2*q**2 - 2*q - 2. Let z be g(h). Is z/((-1532)/(-508) - 3) a prime number?
True
Suppose 0 = -5*k + 2*g + 10, 5*k - g = 7 + 8. Let v = 726 - 470. Suppose 919 = 2*i - 5*x, i - v = k*x + 199. Is i a composite number?
False
Let v(o) = o**3 + 12*o**2 - 2*o - 11. Let k = -6 + 9. Suppose -16 = 2*q - u + 8, -2 = -q - k*u. Is v(q) prime?
False
Suppose 102491 = 3*r + f - 27288, f = -4. Is r composite?
False
Suppose 5*j - 16420 = -5*y, -7*j + 12*j = 3*y + 16444. Is j a composite number?
True
Suppose 3*r = -2*m + 1741, 0*m + m + 4*r = 873. Is m a prime number?
False
Suppose 2*z - 6*z = -276. Suppose z - 2 = a. Is a a composite number?
False
Let r be (-3)/((-15)/20) - 2. Suppose 10*d - 3576 = r*d. Is d prime?
False
Suppose -4*u + u + 1629 = 0. Let q = -481 + 101. Let k = u + q. Is k composite?
False
Let l = -13 - -21. Let y = l - -4. Let q(r) = r**3 - 11*r**2 - 2*r - 5. Is q(y) a composite number?
True
Let o(b) = -282*b - 17. Is o(-20) a composite number?
False
Let b = 28 - 26. Suppose 2*i = 2*d + 958, 0 = -b*i + 4*d + 1216 - 258. Is i a prime number?
True
Let w(f) = -2857*f**3 - f**2 - f - 1. Let t be w(-1). Suppose 3*i - 4*i - 577 = -5*v, -5*i - t = 4*v. Let s = 823 + i. Is s prime?
True
Let t = 555 + 2179. Is t a prime number?
False
Let f(x) = -57*x - 14. Let w be (-1)/(128/(-44) - -3). Is f(w) prime?
True
Suppose 2*k + 6 = -2*w, 5*k + w - 3 = 2*w. Suppose k = f - 106 + 21. Is f a composite number?
True
Suppose 0 = -4*r + 2665 + 24955. Is r a composite number?
True
Suppose -m + 6 + 48 = 0. Is 6/m - 5524/(-18) a composite number?
False
Let u = 175166 - 88885. Is u prime?
False
Suppose -a - 7 = -1. Let o = a - -10. Suppose 5*m + 2*j = 108, -o*m - j + 84 = 3*j. Is m composite?
True
Let v be ((-3534)/18 - 13)*(-6)/(-4). Let a(k) = -7*k**3 - k**2 + 6*k - 1. Let y be a(4). Let c = v - y. Is c a composite number?
False
Let t(h) = 6*h**3 + 1 - 3 - 169*h**2 + 166*h**2. Is t(5) a prime number?
True
Let h = -4513 + 7657. Suppose -h = 5*l + 791. Let i = 1126 + l. Is i composite?
True
Suppose 4*z - 86 = 4*x + 786, 2*z - 461 = -3*x. Is z prime?
True
Suppose -3*i + 2 = -2*i. Suppose -i*u + 3*c + 15 = 2*c, -c = -3*u + 20. Suppose 4*p = -3*h + 132, -h = -p - u*h + 33. Is p a composi